 2120?
1
What is the tens digit of 4398?
9
What is the tens digit of 4006?
0
What is the hundreds digit of 2351?
3
What is the hundreds digit of 38976?
9
What is the tens digit of 366?
6
What is the units digit of 266?
6
What is the thousands digit of 2712?
2
What is the units digit of 857?
7
What is the units digit of 7670?
0
What is the hundreds digit of 15208?
2
What is the thousands digit of 5195?
5
What is the units digit of 11580?
0
What is the tens digit of 2814?
1
What is the thousands digit of 12618?
2
What is the thousands digit of 1564?
1
What is the hundreds digit of 215?
2
What is the units digit of 61965?
5
What is the tens digit of 33295?
9
What is the tens digit of 30895?
9
What is the thousands digit of 3618?
3
What is the thousands digit of 3255?
3
What is the hundreds digit of 418?
4
What is the tens digit of 75573?
7
What is the tens digit of 106?
0
What is the units digit of 1028?
8
What is the units digit of 1693?
3
What is the tens digit of 3179?
7
What is the ten thousands digit of 13451?
1
What is the units digit of 23687?
7
What is the thousands digit of 3860?
3
What is the tens digit of 1578?
7
What is the hundreds digit of 3013?
0
What is the hundreds digit of 7357?
3
What is the hundred thousands digit of 102329?
1
What is the units digit of 369?
9
What is the thousands digit of 56744?
6
What is the hundreds digit of 6359?
3
What is the tens digit of 474?
7
What is the units digit of 45?
5
What is the units digit of 3072?
2
What is the tens digit of 623?
2
What is the hundreds digit of 917?
9
What is the units digit of 26651?
1
What is the tens digit of 3862?
6
What is the units digit of 190?
0
What is the hundreds digit of 140?
1
What is the units digit of 70173?
3
What is the hundreds digit of 9026?
0
What is the ten thousands digit of 24458?
2
What is the units digit of 46740?
0
What is the tens digit of 327?
2
What is the thousands digit of 6170?
6
What is the thousands digit of 3869?
3
What is the hundreds digit of 1501?
5
What is the tens digit of 2884?
8
What is the tens digit of 3099?
9
What is the ten thousands digit of 19391?
1
What is the hundreds digit of 1172?
1
What is the thousands digit of 2540?
2
What is the tens digit of 286?
8
What is the tens digit of 1760?
6
What is the tens digit of 5214?
1
What is the ten thousands digit of 177573?
7
What is the tens digit of 5585?
8
What is the units digit of 2125?
5
What is the tens digit of 1451?
5
What is the hundreds digit of 860?
8
What is the tens digit of 1771?
7
What is the units digit of 5467?
7
What is the ten thousands digit of 50147?
5
What is the hundreds digit of 2474?
4
What is the hundreds digit of 1793?
7
What is the thousands digit of 1808?
1
What is the thousands digit of 7952?
7
What is the hundreds digit of 117?
1
What is the hundreds digit of 95093?
0
What is the hundreds digit of 730?
7
What is the thousands digit of 4795?
4
What is the units digit of 5336?
6
What is the ten thousands digit of 32745?
3
What is the tens digit of 862?
6
What is the units digit of 7546?
6
What is the units digit of 890?
0
What is the thousands digit of 1063?
1
What is the units digit of 2229?
9
What is the units digit of 11984?
4
What is the units digit of 130244?
4
What is the tens digit of 1287?
8
What is the units digit of 5917?
7
What is the tens digit of 71637?
3
What is the units digit of 148784?
4
What is the hundreds digit of 6675?
6
What is the units digit of 27249?
9
What is the ten thousands digit of 87764?
8
What is the units digit of 12172?
2
What is the units digit of 13582?
2
What is the thousands digit of 1665?
1
What is the units digit of 7026?
6
What is the tens digit of 44?
4
What is the ten thousands digit of 16997?
1
What is the thousands digit of 1059?
1
What is the thousands digit of 14831?
4
What is the hundreds digit of 492?
4
What is the units digit of 108760?
0
What is the units digit of 922?
2
What is the units digit of 1179?
9
What is the units digit of 228?
8
What is the tens digit of 133871?
7
What is the units digit of 679?
9
What is the units digit of 2023?
3
What is the thousands digit of 1131?
1
What is the tens digit of 17377?
7
What is the thousands digit of 12863?
2
What is the thousands digit of 1784?
1
What is the tens digit of 109246?
4
What is the units digit of 200319?
9
What is the units digit of 3797?
7
What is the tens digit of 127?
2
What is the units digit of 2088?
8
What is the hundreds digit of 117076?
0
What is the hundreds digit of 9689?
6
What is the units digit of 4448?
8
What is the hundreds digit of 15295?
2
What is the hundreds digit of 880?
8
What is the tens digit of 9039?
3
What is the units digit of 813?
3
What is the hundreds digit of 723?
7
What is the hundreds digit of 5907?
9
What is the tens digit of 8014?
1
What is the units digit of 2099?
9
What is the tens digit of 1022?
2
What is the hundreds digit of 750?
7
What is the thousands digit of 1883?
1
What is the hundreds digit of 1754?
7
What is the hundreds digit of 17428?
4
What is the units digit of 522?
2
What is the units digit of 6272?
2
What is the tens digit of 793?
9
What is the tens digit of 10950?
5
What is the units digit of 8394?
4
What is the tens digit of 50746?
4
What is the hundreds digit of 141188?
1
What is the units digit of 2746?
6
What is the tens digit of 83127?
2
What is the thousands digit of 5783?
5
What is the units digit of 43599?
9
What is the thousands digit of 24753?
4
What is the ten thousands digit of 14598?
1
What is the thousands digit of 5006?
5
What is the hundreds digit of 45478?
4
What is the units digit of 1570?
0
What is the tens digit of 860?
6
What is the units digit of 27628?
8
What is the tens digit of 470?
7
What is the units digit of 3865?
5
What is the tens digit of 1982?
8
What is the tens digit of 10117?
1
What is the tens digit of 672?
7
What is the tens digit of 2573?
7
What is the thousands digit of 4758?
4
What is the tens digit of 21?
2
What is the ten thousands digit of 25879?
2
What is the tens digit of 12897?
9
What is the units digit of 46476?
6
What is the hundreds digit of 49947?
9
What is the units digit of 7711?
1
What is the ten thousands digit of 14411?
1
What is the hundreds digit of 621?
6
What is the thousands digit of 15451?
5
What is the tens digit of 1594?
9
What is the hundreds digit of 3734?
7
What is the thousands digit of 26815?
6
What is the hundreds digit of 47667?
6
What is the hundreds digit of 3087?
0
What is the units digit of 1465?
5
What is the units digit of 2192?
2
What is the thousands digit of 2573?
2
What is the units digit of 240?
0
What is the thousands digit of 78401?
8
What is the hundreds digit of 4572?
5
What is the units digit of 94856?
6
What is the ten thousands digit of 52596?
5
What is the units digit of 102061?
1
What is the tens digit of 4621?
2
What is the hundreds digit of 61060?
0
What is the hundreds digit of 1117?
1
What is the thousands digit of 1143?
1
What is the units digit of 16?
6
What is the hundreds digit of 4480?
4
What is the hundreds digit of 16592?
5
What is the units digit of 8633?
3
What is the tens digit of 2167?
6
What is the ten thousands digit of 36496?
3
What is the thousands digit of 5274?
5
What is the hundreds digit of 105?
1
What is the hundreds digit of 2008?
0
What is the ten thousands digit of 115951?
1
What is the thousands digit of 3771?
3
What is the tens digit of 937?
3
What is the units digit of 302?
2
What is the hundreds digit of 7864?
8
What is the hundreds digit of 103680?
6
What is the tens digit of 797?
9
What is the hundred thousands digit of 126442?
1
What is the tens digit of 3757?
5
What is the tens digit of 1854?
5
What is the hundreds digit of 5424?
4
What is the tens digit of 1024?
2
What is the thousands digit of 59237?
9
What is the tens digit of 394?
9
What is the units digit of 2082?
2
What is the units digit of 35090?
0
What is the hundreds digit of 9135?
1
What is the units digit of 4167?
7
What is the hundreds digit of 1434?
4
What is the hundreds digit of 5731?
7
What is the thousands digit of 52275?
2
What is the hundreds digit of 1712?
7
What is the thousands digit of 1202?
1
What is the units digit of 1044?
4
What is the ten thousands digit of 20241?
2
What is the units digit o